
True
Is 1833 a multiple of 47?
True
Is 32 a factor of 2048?
True
Is 823 a multiple of 12?
False
Is 59 a factor of 354?
True
Is 26 a factor of 201?
False
Is 1053 a multiple of 13?
True
Is 14 a factor of 644?
True
Is 161 a factor of 4689?
False
Does 88 divide 3608?
True
Is 4429 a multiple of 43?
True
Is 306 a factor of 14688?
True
Does 4 divide 132?
True
Is 18 a factor of 1966?
False
Is 12880 a multiple of 184?
True
Is 77 a factor of 5005?
True
Is 39 a factor of 85736?
False
Is 188 a factor of 30616?
False
Does 18 divide 3150?
True
Is 3 a factor of 2309?
False
Does 11 divide 390?
False
Is 62 a factor of 3596?
True
Is 260 a multiple of 14?
False
Is 4 a factor of 348?
True
Is 1134 a multiple of 21?
True
Is 810 a multiple of 42?
False
Is 3140 a multiple of 46?
False
Is 173 a multiple of 4?
False
Is 8 a factor of 480?
True
Is 2928 a multiple of 4?
True
Is 8725 even?
False
Does 11 divide 2387?
True
Is 9 a factor of 441?
True
Does 10 divide 350?
True
Is 12 a factor of 588?
True
Does 41 divide 18035?
False
Is 5447 a multiple of 13?
True
Is 85 a factor of 4683?
False
Does 3 divide 756?
True
Does 43 divide 19049?
True
Is 46 a factor of 8432?
False
Is 217 a factor of 81158?
True
Does 99 divide 15444?
True
Does 53 divide 1064?
False
Is 109 a factor of 1421?
False
Is 45 a factor of 12240?
True
Is 132 a factor of 2376?
True
Is 3 a factor of 789?
True
Does 62 divide 1488?
True
Is 52 a factor of 3588?
True
Is 5 a factor of 2430?
True
Is 17 a factor of 5491?
True
Is 8 a factor of 216?
True
Is 19008 a multiple of 64?
True
Is 380 even?
True
Does 139 divide 10703?
True
Is 435 a multiple of 15?
True
Is 8217 a multiple of 33?
True
Does 10 divide 3320?
True
Is 21 a factor of 798?
True
Does 113 divide 7006?
True
Is 979 a multiple of 2?
False
Is 68 a factor of 7924?
False
Does 94 divide 11938?
True
Is 29459 a multiple of 60?
False
Is 2739 a multiple of 50?
False
Does 17 divide 1836?
True
Is 20 a factor of 2060?
True
Is 16872 a multiple of 37?
True
Is 110 a factor of 13960?
False
Is 1120 a multiple of 11?
False
Is 899 a multiple of 31?
True
Does 60 divide 26760?
True
Is 7 a factor of 6461?
True
Does 87 divide 1452?
False
Does 85 divide 3503?
False
Does 51 divide 510?
True
Is 4 a factor of 60?
True
Is 43 a factor of 7943?
False
Is 21 a factor of 3199?
False
Is 16 a factor of 4208?
True
Does 34 divide 646?
True
Does 164 divide 32145?
False
Is 4597 a multiple of 17?
False
Is 32 a factor of 149?
False
Is 17 a factor of 4012?
True
Is 12 a factor of 18036?
True
Does 6 divide 4145?
False
Does 28 divide 11172?
True
Does 6 divide 3474?
True
Does 32 divide 18464?
True
Does 35 divide 4053?
False
Does 181 divide 11288?
False
Does 40 divide 20840?
True
Does 4 divide 241?
False
Is 4682 a multiple of 53?
False
Does 13 divide 442?
True
Does 36 divide 4392?
True
Does 21 divide 3449?
False
Does 46 divide 16120?
False
Is 4332 a multiple of 11?
False
Is 1016 a multiple of 4?
True
Is 8997 a multiple of 2?
False
Does 3 divide 939?
True
Is 11 a factor of 957?
True
Is 50 a factor of 3420?
False
Is 43 a factor of 6592?
False
Is 44 a factor of 416?
False
Is 7 a factor of 3241?
True
Does 20 divide 340?
True
Is 15515 a multiple of 83?
False
Does 9 divide 6338?
False
Is 53 a factor of 15052?
True
Is 380 a multiple of 19?
True
Does 68 divide 3222?
False
Does 30 divide 720?
True
Does 49 divide 316?
False
Does 5 divide 226?
False
Is 247 a multiple of 3?
False
Is 50 a factor of 2400?
True
Does 13 divide 247?
True
Is 148 a factor of 9472?
True
Is 6026 a multiple of 46?
True
Is 21 a factor of 5797?
False
Does 47 divide 4324?
True
Does 17 divide 759?
False
Is 3 a factor of 359?
False
Does 5 divide 35?
True
Is 13 a factor of 637?
True
Does 3 divide 486?
True
Is 73622 a multiple of 165?
False
Is 8799 a multiple of 87?
False
Does 52 divide 260?
True
Is 52 a factor of 1780?
False
Does 48 divide 431?
False
Does 8 divide 136?
True
Is 14 a factor of 1639?
False
Is 7085 a multiple of 6?
False
Is 680 a multiple of 17?
True
Is 525 a multiple of 5?
True
Is 462 a factor of 137023?
False
Is 20 a factor of 4820?
True
Does 13 divide 5153?
False
Is 2 a factor of 25?
False
Is 12164 a multiple of 7?
False
Is 383 a factor of 36002?
True
Is 6895 a multiple of 7?
True
Is 5768 a multiple of 14?
True
Is 8760 a multiple of 30?
True
Does 5 divide 11624?
False
Does 20 divide 30089?
False
Is 444 a multiple of 4?
True
Is 31434 a multiple of 31?
True
Is 1010 a multiple of 5?
True
Is 24384 a multiple of 24?
True
Is 19 a factor of 3591?
True
Does 95 divide 36670?
True
Is 2 a factor of 2614?
True
Is 5 a factor of 19095?
True
Does 8 divide 36639?
False
Is 4 a factor of 14167?
False
Is 4343 a multiple of 13?
False
Does 9 divide 1935?
True
Is 914 a multiple of 26?
False
Does 10 divide 200?
True
Does 18 divide 499?
False
Is 4844 a multiple of 14?
True
Is 33 a factor of 34353?
True
Is 6 a factor of 78?
True
Is 114 a multiple of 6?
True
Is 5291 a multiple of 13?
True
Does 39 divide 73310?
False
Is 5022 a multiple of 54?
True
Does 5 divide 237?
False
Is 2 a factor of 296?
True
Is 88 a factor of 11745?
False
Is 733 a multiple of 14?
False
Does 69 divide 6693?
True
Does 10 divide 3979?
False
Is 586 a multiple of 23?
False
Is 1111 a multiple of 14?
False
Does 12 divide 336?
True
Is 1122 a multiple of 8?
False
Does 45 divide 965?
False
Is 54 a factor of 3348?
True
Does 10 divide 90?
True
Is 24 a factor of 600?
True
Is 7 a factor of 7259?
True
Is 11 a factor of 1430?
True
Does 39 divide 13228?
False
Does 14 divide 64?
False
Does 56 divide 3280?
False
Is 888 a multiple of 8?
True
Does 10 divide 184?
False
Is 5630 a multiple of 263?
False
Is 27 a factor of 10476?
True
Is 1444 a multiple of 7?
False
Is 12 a factor of 46125?
False
Is 29 a factor of 1969?
False
Is 48351 a multiple of 71?
True
Is 16 a factor of 608?
True
Is 15 a factor of 14093?
False
Is 17585 a multiple of 23?
False
Does 22 divide 150145?
False
Does 18 divide 839?
False
Is 73 a factor of 14089?
True
Does 18 divide 3510?
True
Is 8820 a multiple of 21?
True
Does 16 divide 3851?
False
Does 26 divide 1042?
False
Is 23 a factor of 1343?
False
Is 8 a factor of 20904?
True
Is 30 a factor of 258?
False
Does 10 divide 10550?
True
Does 18 divide 36126?
True
Is 103 a factor of 7622?
True
Is 2 a factor of 1478?
True
Does 27 divide 6485?
False
Does 85 divide 3867?
False
Is 55 a factor of 61545?
True
Does 5 divide 2881?
False
Is 608 a multiple of 2?
True
Does 97 divide 26966?
True
Is 16 a factor of 5632?
True
Is 5460 a multiple of 52?
True
Is 8 a factor of 165?
False
Is 6878 a multiple of 38?
True
Is 6 a factor of 456?
True
Is 7 a factor of 7414?
False
Is 21 a factor of 22869?
True
Does 141 divide 2217?
False
Is 119 a factor of 14280?
True
Is 9 a factor of 4628?
False
Is 13 a factor of 65?
True
Does 41 divide 4592?
True
Does 73 divide 876?
True
Is 21 a factor of 878?
False
Is 1169 a multiple of 29?
False
Does 39 divide 3187?
False
Does 4 divide 1237?
False
Is 568 a multiple of 71?
True
Is 2007 a multiple of 20?
False
Does 40 divide 37800?
True
Is 3161 a multiple of 46?
False
Does 3 divide 2879?
False
Does 89 divide 1513?
True
Does 181 divide 1086?
True
Is 8120 a multiple of 116?
True
Does 12 divide 456?
True
Is 180 a factor of 51840?
True
Does 110 divide 16946?
False
Is 67526 a multiple of 19?
True
Does 29 divide 1770?
False
Does 254 divide 20828?
True
Is 135 a multiple of 45?
True
Is 21 a factor of 2205?
True
Is 61 a factor of 21878?
False
Does 26 divide 728?
True
Does 4 divide 3121?
False
Is 52020 a multiple of 51?
True
Does 203 divide 3240?
False
Does 45 divide 2070?
True
Is 198 a factor of 92664?
True
Is 10193 a multiple of 15?
False
Does 12 divide 111963?
False
Is 117546 a multiple of 22?
True
Is 62 a factor of 282?
False
Is 21 a factor of 463?
False
Is 62 a factor of 744?
True
Is 97 even?
False
Does 4 divide 212?
True
Does 12 divide 1872?
True
Is 251 a multiple of 12?
False
Does 11 divide 993?
False
Is 338 a multiple of 18?
False
Is 11 a factor of 14341?
False
Does 153 divide 48384?
False
Is 53 a factor of 7897?
True
Is 5 a factor of 614?
False
Does 10 divide 627?
False
Does 72 divide 9480?
False
Is 6664 a multiple of 136?
True
Is 5 a factor of 189?
False
Does 12 divide 80706?
False
Is 1541 a multiple of 23?
True
Is 43 a factor of 819?
False
Is 2585 a multiple of 55?
True
Is 108 a factor 